{"id":428,"date":"2024-03-10T12:32:06","date_gmt":"2024-03-10T11:32:06","guid":{"rendered":"http:\/\/garancepouponjoyeux-alexandrearbouin.fr\/?page_id=428"},"modified":"2024-03-10T19:27:31","modified_gmt":"2024-03-10T18:27:31","slug":"ca-vous-plait","status":"publish","type":"page","link":"https:\/\/garancepouponjoyeux-alexandrearbouin.fr\/index.php\/ca-vous-plait\/","title":{"rendered":"\u00c7a vous pla\u00eet"},"content":{"rendered":"\t\t<div data-elementor-type=\"wp-page\" data-elementor-id=\"428\" class=\"elementor elementor-428\">\n\t\t\t\t<div class=\"elementor-element elementor-element-b5bfdac e-flex e-con-boxed e-con e-parent\" data-id=\"b5bfdac\" data-element_type=\"container\">\n\t\t\t\t\t<div class=\"e-con-inner\">\n\t\t\t\t<div class=\"elementor-element elementor-element-29a97c15 elementor-widget elementor-widget-image\" data-id=\"29a97c15\" data-element_type=\"widget\" data-widget_type=\"image.default\">\n\t\t\t\t<div class=\"elementor-widget-container\">\n\t\t\t\t\t\t\t\t\t\t\t\t<figure class=\"wp-caption\">\n\t\t\t\t\t\t\t\t\t\t\t<a href=\"http:\/\/garancepouponjoyeux-alexandrearbouin.fr\/wp-content\/uploads\/2024\/03\/Web_Ca-vous-plait_Carton-1.jpg\" data-elementor-open-lightbox=\"yes\" data-elementor-lightbox-title=\"\u00c7a vous plait\" data-elementor-lightbox-description=\"Photos : Garance Poupon-Joyeux &amp; Alexandre Arbouin \/ Carton d&#039;invitation de l&#039;exposition \u00e0 Medium Argent (2017)\" data-e-action-hash=\"#elementor-action%3Aaction%3Dlightbox%26settings%3DeyJpZCI6NDM3LCJ1cmwiOiJodHRwczpcL1wvZ2FyYW5jZXBvdXBvbmpveWV1eC1hbGV4YW5kcmVhcmJvdWluLmZyXC93cC1jb250ZW50XC91cGxvYWRzXC8yMDI0XC8wM1wvV2ViX0NhLXZvdXMtcGxhaXRfQ2FydG9uLTEuanBnIn0%3D\">\n\t\t\t\t\t\t\t<img fetchpriority=\"high\" decoding=\"async\" width=\"376\" height=\"530\" src=\"https:\/\/garancepouponjoyeux-alexandrearbouin.fr\/wp-content\/uploads\/2024\/03\/Web_Ca-vous-plait_Carton-1.jpg\" class=\"attachment-full size-full wp-image-437\" alt=\"\" srcset=\"https:\/\/garancepouponjoyeux-alexandrearbouin.fr\/wp-content\/uploads\/2024\/03\/Web_Ca-vous-plait_Carton-1.jpg 376w, https:\/\/garancepouponjoyeux-alexandrearbouin.fr\/wp-content\/uploads\/2024\/03\/Web_Ca-vous-plait_Carton-1-213x300.jpg 213w\" sizes=\"(max-width: 376px) 100vw, 376px\" \/>\t\t\t\t\t\t\t\t<\/a>\n\t\t\t\t\t\t\t\t\t\t\t<figcaption class=\"widget-image-caption wp-caption-text\">Photos : Garance Poupon-Joyeux &amp; Alexandre Arbouin \/ Carton d'invitation de l'exposition \u00e0 Medium Argent (2017)<\/figcaption>\n\t\t\t\t\t\t\t\t\t\t<\/figure>\n\t\t\t\t\t\t\t\t\t<\/div>\n\t\t\t\t<\/div>\n\t\t\t\t\t<\/div>\n\t\t\t\t<\/div>\n\t\t<div class=\"elementor-element elementor-element-7cf90c98 e-flex e-con-boxed e-con e-parent\" data-id=\"7cf90c98\" data-element_type=\"container\">\n\t\t\t\t\t<div class=\"e-con-inner\">\n\t\t<div class=\"elementor-element elementor-element-15946431 e-con-full e-flex e-con e-child\" data-id=\"15946431\" data-element_type=\"container\">\n\t\t\t\t<div class=\"elementor-element elementor-element-585cfd66 elementor-widget elementor-widget-image\" data-id=\"585cfd66\" data-element_type=\"widget\" data-widget_type=\"image.default\">\n\t\t\t\t<div class=\"elementor-widget-container\">\n\t\t\t\t\t\t\t\t\t\t\t\t\t\t\t\t<a href=\"http:\/\/garancepouponjoyeux-alexandrearbouin.fr\/wp-content\/uploads\/2024\/03\/rsz_h530_16_42.jpg\" data-elementor-open-lightbox=\"yes\" data-elementor-lightbox-title=\"\u00c7a vous plait\" data-elementor-lightbox-description=\"Photos : Garance Poupon-Joyeux &amp; Alexandre Arbouin \/ Vue de l&#039;exposition \u00e0 Medium Argent (2017)\" data-e-action-hash=\"#elementor-action%3Aaction%3Dlightbox%26settings%3DeyJpZCI6NDMzLCJ1cmwiOiJodHRwczpcL1wvZ2FyYW5jZXBvdXBvbmpveWV1eC1hbGV4YW5kcmVhcmJvdWluLmZyXC93cC1jb250ZW50XC91cGxvYWRzXC8yMDI0XC8wM1wvcnN6X2g1MzBfMTZfNDIuanBnIn0%3D\">\n\t\t\t\t\t\t\t<img decoding=\"async\" width=\"150\" height=\"150\" src=\"https:\/\/garancepouponjoyeux-alexandrearbouin.fr\/wp-content\/uploads\/2024\/03\/rsz_h530_16_42-150x150.jpg\" class=\"attachment-thumbnail size-thumbnail wp-image-433\" alt=\"\" \/>\t\t\t\t\t\t\t\t<\/a>\n\t\t\t\t\t\t\t\t\t\t\t\t\t\t\t<\/div>\n\t\t\t\t<\/div>\n\t\t\t\t<\/div>\n\t\t<div class=\"elementor-element elementor-element-36f4f110 e-con-full e-flex e-con e-child\" data-id=\"36f4f110\" data-element_type=\"container\">\n\t\t\t\t<div class=\"elementor-element elementor-element-509305cf elementor-widget elementor-widget-image\" data-id=\"509305cf\" data-element_type=\"widget\" data-widget_type=\"image.default\">\n\t\t\t\t<div class=\"elementor-widget-container\">\n\t\t\t\t\t\t\t\t\t\t\t\t\t\t\t\t<a href=\"http:\/\/garancepouponjoyeux-alexandrearbouin.fr\/wp-content\/uploads\/2024\/03\/Web_Ca-vous-plait_3-1.jpg\" data-elementor-open-lightbox=\"yes\" data-elementor-lightbox-title=\"\u00c7a vous plait\" data-elementor-lightbox-description=\"Photos : Garance Poupon-Joyeux &amp; Alexandre Arbouin \/ Vue de l&#039;exposition \u00e0 Medium Argent (2017)\" data-e-action-hash=\"#elementor-action%3Aaction%3Dlightbox%26settings%3DeyJpZCI6NDM1LCJ1cmwiOiJodHRwczpcL1wvZ2FyYW5jZXBvdXBvbmpveWV1eC1hbGV4YW5kcmVhcmJvdWluLmZyXC93cC1jb250ZW50XC91cGxvYWRzXC8yMDI0XC8wM1wvV2ViX0NhLXZvdXMtcGxhaXRfMy0xLmpwZyJ9\">\n\t\t\t\t\t\t\t<img decoding=\"async\" width=\"150\" height=\"150\" src=\"https:\/\/garancepouponjoyeux-alexandrearbouin.fr\/wp-content\/uploads\/2024\/03\/Web_Ca-vous-plait_3-1-150x150.jpg\" class=\"attachment-thumbnail size-thumbnail wp-image-435\" alt=\"\" \/>\t\t\t\t\t\t\t\t<\/a>\n\t\t\t\t\t\t\t\t\t\t\t\t\t\t\t<\/div>\n\t\t\t\t<\/div>\n\t\t\t\t<\/div>\n\t\t<div class=\"elementor-element elementor-element-573b2db0 e-con-full e-flex e-con e-child\" data-id=\"573b2db0\" data-element_type=\"container\">\n\t\t\t\t<div class=\"elementor-element elementor-element-7359a2e1 elementor-widget elementor-widget-image\" data-id=\"7359a2e1\" data-element_type=\"widget\" data-widget_type=\"image.default\">\n\t\t\t\t<div class=\"elementor-widget-container\">\n\t\t\t\t\t\t\t\t\t\t\t\t\t\t\t\t<a href=\"http:\/\/garancepouponjoyeux-alexandrearbouin.fr\/wp-content\/uploads\/2024\/03\/Web_Ca-vous-plait_4-1.jpg\" data-elementor-open-lightbox=\"yes\" data-elementor-lightbox-title=\"\u00c7a vous plait\" data-elementor-lightbox-description=\"Photos : Garance Poupon-Joyeux &amp; Alexandre Arbouin \/ Vue de l&#039;exposition \u00e0 Medium Argent (2017)\" data-e-action-hash=\"#elementor-action%3Aaction%3Dlightbox%26settings%3DeyJpZCI6NDM2LCJ1cmwiOiJodHRwczpcL1wvZ2FyYW5jZXBvdXBvbmpveWV1eC1hbGV4YW5kcmVhcmJvdWluLmZyXC93cC1jb250ZW50XC91cGxvYWRzXC8yMDI0XC8wM1wvV2ViX0NhLXZvdXMtcGxhaXRfNC0xLmpwZyJ9\">\n\t\t\t\t\t\t\t<img loading=\"lazy\" decoding=\"async\" width=\"150\" height=\"150\" src=\"https:\/\/garancepouponjoyeux-alexandrearbouin.fr\/wp-content\/uploads\/2024\/03\/Web_Ca-vous-plait_4-1-150x150.jpg\" class=\"attachment-thumbnail size-thumbnail wp-image-436\" alt=\"\" \/>\t\t\t\t\t\t\t\t<\/a>\n\t\t\t\t\t\t\t\t\t\t\t\t\t\t\t<\/div>\n\t\t\t\t<\/div>\n\t\t\t\t<\/div>\n\t\t<div class=\"elementor-element elementor-element-4dc15d68 e-con-full e-flex e-con e-child\" data-id=\"4dc15d68\" data-element_type=\"container\">\n\t\t\t\t<div class=\"elementor-element elementor-element-27d50d7b elementor-widget elementor-widget-image\" data-id=\"27d50d7b\" data-element_type=\"widget\" data-widget_type=\"image.default\">\n\t\t\t\t<div class=\"elementor-widget-container\">\n\t\t\t\t\t\t\t\t\t\t\t\t\t\t\t\t<a href=\"http:\/\/garancepouponjoyeux-alexandrearbouin.fr\/wp-content\/uploads\/2024\/03\/Web_Ca-vous-plait_1-1.jpg\" data-elementor-open-lightbox=\"yes\" data-elementor-lightbox-title=\"\u00c7a vous plait\" data-elementor-lightbox-description=\"Photos : Garance Poupon-Joyeux &amp; Alexandre Arbouin \/ Vue de l&#039;exposition \u00e0 Medium Argent (2017)\" data-e-action-hash=\"#elementor-action%3Aaction%3Dlightbox%26settings%3DeyJpZCI6NDM0LCJ1cmwiOiJodHRwczpcL1wvZ2FyYW5jZXBvdXBvbmpveWV1eC1hbGV4YW5kcmVhcmJvdWluLmZyXC93cC1jb250ZW50XC91cGxvYWRzXC8yMDI0XC8wM1wvV2ViX0NhLXZvdXMtcGxhaXRfMS0xLmpwZyJ9\">\n\t\t\t\t\t\t\t<img loading=\"lazy\" decoding=\"async\" width=\"150\" height=\"150\" src=\"https:\/\/garancepouponjoyeux-alexandrearbouin.fr\/wp-content\/uploads\/2024\/03\/Web_Ca-vous-plait_1-1-150x150.jpg\" class=\"attachment-thumbnail size-thumbnail wp-image-434\" alt=\"\" \/>\t\t\t\t\t\t\t\t<\/a>\n\t\t\t\t\t\t\t\t\t\t\t\t\t\t\t<\/div>\n\t\t\t\t<\/div>\n\t\t\t\t<\/div>\n\t\t\t\t\t<\/div>\n\t\t\t\t<\/div>\n\t\t<div class=\"elementor-element elementor-element-5218401 e-flex e-con-boxed e-con e-parent\" data-id=\"5218401\" data-element_type=\"container\">\n\t\t\t\t\t<div class=\"e-con-inner\">\n\t\t\t\t<div class=\"elementor-element elementor-element-5dae80e8 elementor-widget elementor-widget-heading\" data-id=\"5dae80e8\" data-element_type=\"widget\" data-widget_type=\"heading.default\">\n\t\t\t\t<div class=\"elementor-widget-container\">\n\t\t\t\t\t<h2 class=\"elementor-heading-title elementor-size-default\">\u00c7a vous pla\u00eet<\/h2>\t\t\t\t<\/div>\n\t\t\t\t<\/div>\n\t\t\t\t<div class=\"elementor-element elementor-element-4a52c5d2 elementor-widget elementor-widget-text-editor\" data-id=\"4a52c5d2\" data-element_type=\"widget\" data-widget_type=\"text-editor.default\">\n\t\t\t\t<div class=\"elementor-widget-container\">\n\t\t\t\t\t\t\t\t\t<p>2017<br \/>\u0152uvre-exposition<br \/>Medium Argent<br \/>Rouen<\/p><p>&#8212;&#8212;&#8212;<\/p>\t\t\t\t\t\t\t\t<\/div>\n\t\t\t\t<\/div>\n\t\t\t\t<div class=\"elementor-element elementor-element-79d43a25 elementor-widget elementor-widget-text-editor\" data-id=\"79d43a25\" data-element_type=\"widget\" data-widget_type=\"text-editor.default\">\n\t\t\t\t<div class=\"elementor-widget-container\">\n\t\t\t\t\t\t\t\t\t<p>L&#8217;exposition &#8220;\u00c7a vous plait&#8221;, premi\u00e8re exposition de la micro-r\u00e9sidence &#8220;Medium Argent&#8221;, r\u00e9unit trois \u0153uvres du duo de Garance Poupon-Joyeux et Alexandre Arbouin. Ces \u0153uvres hautement color\u00e9es dessinent, toutes trois, trois mots commentaires et\/ou onomatop\u00e9es, que l&#8217;on peut entendre aux plus belles expositions, \u00e0 savoir : Oh, Woaw et Lol. Pour les visiteurs les moins perceptifs, le &#8220;Oh&#8221; est form\u00e9 \u00e0 partir du cercle dor\u00e9 et du n\u00e9on ; tandis que le &#8220;waow&#8221; est dessin\u00e9 au mur, s\u00e9par\u00e9 en son milieu (&#8220;wa&#8221; et &#8220;ow&#8221;) et le dernier mot se construit \u00e0 l&#8217;aide des confettis deux b\u00e2tonnets et un disque forment &#8220;lol&#8221;). Ces mots peuvent \u00eatre compris aussi bien au premier degr\u00e9 qu&#8217;au second, inversant ainsi le caract\u00e8re m\u00e9lioratifs de ceux-ci. Ces \u0153uvres semblent r\u00e9pondre au titre de l&#8217;exposition &#8220;\u00e7a vous pla\u00eet&#8221;, dont l&#8217;absence de ponctuation laisserait plut\u00f4t poindre une injonction qu&#8217;une interrogation. Cette injonction, si souvent corollaire aux \u00e9v\u00e9nements mondains, dont l&#8217;exposition fait actuellement partie, par le th\u00e8me &#8220;Raout&#8221; commun aux diff\u00e9rents lieux d&#8217;art du R\u00e9seau Rouen, questionne ainsi le fondement du jugement des \u0153uvres. Avec cette exposition, le jeune duo tourne en d\u00e9rision les expositions plastiquement formidables mais creuses, souvent repr\u00e9sentatives de ce que l&#8217;on appelle la &#8220;jeune cr\u00e9ation&#8221;. Les formes, les signes, les couleurs, les media, et surtout, leur combinaisons-phares, sont ici repris pour divulguer des messages subliminaux et renforcer le caract\u00e8re presque plus publicitaire qu&#8217;artistique de ces \u0153uvres plus ou moins st\u00e9riles, expos\u00e9es dans tous les salons de la cr\u00e9ation contemporaine fraichement approuv\u00e9e. Le plus ironique peut-\u00eatre dans cette exposition, est le moment o\u00f9 le spectateur se retrouve \u00e0 r\u00e9p\u00e9ter le titre des \u0153uvres, qu&#8217;il s&#8217;agisse de la simple lecture du cartel ou de la critique la plus virulente. D\u00e9sormais, ces mots sont associ\u00e9s \u00e0 ces formes, le temps de cette exposition, et plus longuement peut-\u00eatre, transposant les \u0153uvres pr\u00e9sentes en v\u00e9ritables r\u00e9f\u00e9rences. Ainsi, cette exposition s&#8217;ancre dans la d\u00e9marche du duo questionnant le d\u00e9j\u00e0-vu et le fake (qu&#8217;il s&#8217;agisse d&#8217;un simple artifice ou d&#8217;une grande imposture, celle des artistes reconnus ou celle du duo lui-m\u00eame) en traquant le style lorsqu&#8217;il ne s&#8217;accompagne pas d&#8217;une certaine \u00e9paisseur.<\/p><p>Alan Smithee<\/p>\t\t\t\t\t\t\t\t<\/div>\n\t\t\t\t<\/div>\n\t\t\t\t\t<\/div>\n\t\t\t\t<\/div>\n\t\t<div class=\"elementor-element elementor-element-2d0a867d e-flex e-con-boxed e-con e-parent\" data-id=\"2d0a867d\" data-element_type=\"container\">\n\t\t\t\t\t<div class=\"e-con-inner\">\n\t\t\t\t\t<\/div>\n\t\t\t\t<\/div>\n\t\t\t\t<\/div>\n\t\t","protected":false},"excerpt":{"rendered":"<p>Photos : Garance Poupon-Joyeux &amp; Alexandre Arbouin \/ Carton d&#8217;invitation de l&#8217;exposition \u00e0 Medium Argent (2017) \u00c7a vous pla\u00eet 2017\u0152uvre-expositionMedium ArgentRouen &#8212;&#8212;&#8212; L&#8217;exposition &#8220;\u00c7a vous plait&#8221;, premi\u00e8re exposition de la micro-r\u00e9sidence &#8220;Medium Argent&#8221;, r\u00e9unit trois \u0153uvres du duo de Garance Poupon-Joyeux et Alexandre Arbouin. Ces \u0153uvres hautement color\u00e9es dessinent, toutes trois, trois mots commentaires et\/ou &hellip; <a href=\"https:\/\/garancepouponjoyeux-alexandrearbouin.fr\/index.php\/ca-vous-plait\/\" class=\"more-link\">Continue reading <span class=\"screen-reader-text\">\u00c7a vous pla\u00eet<\/span><\/a><\/p>\n","protected":false},"author":1,"featured_media":0,"parent":0,"menu_order":0,"comment_status":"closed","ping_status":"closed","template":"","meta":{"footnotes":""},"class_list":["post-428","page","type-page","status-publish","hentry"],"yoast_head":"<!-- This site is optimized with the Yoast SEO plugin v24.4 - https:\/\/yoast.com\/wordpress\/plugins\/seo\/ -->\n<title>\u00c7a vous pla\u00eet - GPJ &amp; AA<\/title>\n<meta name=\"robots\" content=\"index, follow, max-snippet:-1, max-image-preview:large, max-video-preview:-1\" \/>\n<link rel=\"canonical\" href=\"http:\/\/garancepouponjoyeux-alexandrearbouin.fr\/index.php\/ca-vous-plait\/\" \/>\n<meta property=\"og:locale\" content=\"en_US\" \/>\n<meta property=\"og:type\" content=\"article\" \/>\n<meta property=\"og:title\" content=\"\u00c7a vous pla\u00eet - GPJ &amp; AA\" \/>\n<meta property=\"og:description\" content=\"Photos : Garance Poupon-Joyeux &amp; Alexandre Arbouin \/ Carton d&#8217;invitation de l&#8217;exposition \u00e0 Medium Argent (2017) \u00c7a vous pla\u00eet 2017\u0152uvre-expositionMedium ArgentRouen &#8212;&#8212;&#8212; L&#8217;exposition &#8220;\u00c7a vous plait&#8221;, premi\u00e8re exposition de la micro-r\u00e9sidence &#8220;Medium Argent&#8221;, r\u00e9unit trois \u0153uvres du duo de Garance Poupon-Joyeux et Alexandre Arbouin. Ces \u0153uvres hautement color\u00e9es dessinent, toutes trois, trois mots commentaires et\/ou &hellip; Continue reading \u00c7a vous pla\u00eet\" \/>\n<meta property=\"og:url\" content=\"http:\/\/garancepouponjoyeux-alexandrearbouin.fr\/index.php\/ca-vous-plait\/\" \/>\n<meta property=\"og:site_name\" content=\"GPJ &amp; AA\" \/>\n<meta property=\"article:modified_time\" content=\"2024-03-10T18:27:31+00:00\" \/>\n<meta property=\"og:image\" content=\"http:\/\/garancepouponjoyeux-alexandrearbouin.fr\/wp-content\/uploads\/2024\/03\/Web_Ca-vous-plait_Carton-1.jpg\" \/>\n<meta name=\"twitter:card\" content=\"summary_large_image\" \/>\n<meta name=\"twitter:label1\" content=\"Est. reading time\" \/>\n\t<meta name=\"twitter:data1\" content=\"3 minutes\" \/>\n<script type=\"application\/ld+json\" class=\"yoast-schema-graph\">{\"@context\":\"https:\/\/schema.org\",\"@graph\":[{\"@type\":\"WebPage\",\"@id\":\"http:\/\/garancepouponjoyeux-alexandrearbouin.fr\/index.php\/ca-vous-plait\/\",\"url\":\"http:\/\/garancepouponjoyeux-alexandrearbouin.fr\/index.php\/ca-vous-plait\/\",\"name\":\"\u00c7a vous pla\u00eet - GPJ &amp; AA\",\"isPartOf\":{\"@id\":\"http:\/\/garancepouponjoyeux-alexandrearbouin.fr\/#website\"},\"primaryImageOfPage\":{\"@id\":\"http:\/\/garancepouponjoyeux-alexandrearbouin.fr\/index.php\/ca-vous-plait\/#primaryimage\"},\"image\":{\"@id\":\"http:\/\/garancepouponjoyeux-alexandrearbouin.fr\/index.php\/ca-vous-plait\/#primaryimage\"},\"thumbnailUrl\":\"http:\/\/garancepouponjoyeux-alexandrearbouin.fr\/wp-content\/uploads\/2024\/03\/Web_Ca-vous-plait_Carton-1.jpg\",\"datePublished\":\"2024-03-10T11:32:06+00:00\",\"dateModified\":\"2024-03-10T18:27:31+00:00\",\"breadcrumb\":{\"@id\":\"http:\/\/garancepouponjoyeux-alexandrearbouin.fr\/index.php\/ca-vous-plait\/#breadcrumb\"},\"inLanguage\":\"en-US\",\"potentialAction\":[{\"@type\":\"ReadAction\",\"target\":[\"http:\/\/garancepouponjoyeux-alexandrearbouin.fr\/index.php\/ca-vous-plait\/\"]}]},{\"@type\":\"ImageObject\",\"inLanguage\":\"en-US\",\"@id\":\"http:\/\/garancepouponjoyeux-alexandrearbouin.fr\/index.php\/ca-vous-plait\/#primaryimage\",\"url\":\"http:\/\/garancepouponjoyeux-alexandrearbouin.fr\/wp-content\/uploads\/2024\/03\/Web_Ca-vous-plait_Carton-1.jpg\",\"contentUrl\":\"http:\/\/garancepouponjoyeux-alexandrearbouin.fr\/wp-content\/uploads\/2024\/03\/Web_Ca-vous-plait_Carton-1.jpg\"},{\"@type\":\"BreadcrumbList\",\"@id\":\"http:\/\/garancepouponjoyeux-alexandrearbouin.fr\/index.php\/ca-vous-plait\/#breadcrumb\",\"itemListElement\":[{\"@type\":\"ListItem\",\"position\":1,\"name\":\"Accueil\",\"item\":\"http:\/\/garancepouponjoyeux-alexandrearbouin.fr\/\"},{\"@type\":\"ListItem\",\"position\":2,\"name\":\"\u00c7a vous pla\u00eet\"}]},{\"@type\":\"WebSite\",\"@id\":\"http:\/\/garancepouponjoyeux-alexandrearbouin.fr\/#website\",\"url\":\"http:\/\/garancepouponjoyeux-alexandrearbouin.fr\/\",\"name\":\"GPJ &amp; AA\",\"description\":\"\",\"potentialAction\":[{\"@type\":\"SearchAction\",\"target\":{\"@type\":\"EntryPoint\",\"urlTemplate\":\"http:\/\/garancepouponjoyeux-alexandrearbouin.fr\/?s={search_term_string}\"},\"query-input\":{\"@type\":\"PropertyValueSpecification\",\"valueRequired\":true,\"valueName\":\"search_term_string\"}}],\"inLanguage\":\"en-US\"}]}<\/script>\n<!-- \/ Yoast SEO plugin. -->","yoast_head_json":{"title":"\u00c7a vous pla\u00eet - GPJ &amp; AA","robots":{"index":"index","follow":"follow","max-snippet":"max-snippet:-1","max-image-preview":"max-image-preview:large","max-video-preview":"max-video-preview:-1"},"canonical":"http:\/\/garancepouponjoyeux-alexandrearbouin.fr\/index.php\/ca-vous-plait\/","og_locale":"en_US","og_type":"article","og_title":"\u00c7a vous pla\u00eet - GPJ &amp; AA","og_description":"Photos : Garance Poupon-Joyeux &amp; Alexandre Arbouin \/ Carton d&#8217;invitation de l&#8217;exposition \u00e0 Medium Argent (2017) \u00c7a vous pla\u00eet 2017\u0152uvre-expositionMedium ArgentRouen &#8212;&#8212;&#8212; L&#8217;exposition &#8220;\u00c7a vous plait&#8221;, premi\u00e8re exposition de la micro-r\u00e9sidence &#8220;Medium Argent&#8221;, r\u00e9unit trois \u0153uvres du duo de Garance Poupon-Joyeux et Alexandre Arbouin. Ces \u0153uvres hautement color\u00e9es dessinent, toutes trois, trois mots commentaires et\/ou &hellip; Continue reading \u00c7a vous pla\u00eet","og_url":"http:\/\/garancepouponjoyeux-alexandrearbouin.fr\/index.php\/ca-vous-plait\/","og_site_name":"GPJ &amp; AA","article_modified_time":"2024-03-10T18:27:31+00:00","og_image":[{"url":"http:\/\/garancepouponjoyeux-alexandrearbouin.fr\/wp-content\/uploads\/2024\/03\/Web_Ca-vous-plait_Carton-1.jpg","type":"","width":"","height":""}],"twitter_card":"summary_large_image","twitter_misc":{"Est. reading time":"3 minutes"},"schema":{"@context":"https:\/\/schema.org","@graph":[{"@type":"WebPage","@id":"http:\/\/garancepouponjoyeux-alexandrearbouin.fr\/index.php\/ca-vous-plait\/","url":"http:\/\/garancepouponjoyeux-alexandrearbouin.fr\/index.php\/ca-vous-plait\/","name":"\u00c7a vous pla\u00eet - GPJ &amp; AA","isPartOf":{"@id":"http:\/\/garancepouponjoyeux-alexandrearbouin.fr\/#website"},"primaryImageOfPage":{"@id":"http:\/\/garancepouponjoyeux-alexandrearbouin.fr\/index.php\/ca-vous-plait\/#primaryimage"},"image":{"@id":"http:\/\/garancepouponjoyeux-alexandrearbouin.fr\/index.php\/ca-vous-plait\/#primaryimage"},"thumbnailUrl":"http:\/\/garancepouponjoyeux-alexandrearbouin.fr\/wp-content\/uploads\/2024\/03\/Web_Ca-vous-plait_Carton-1.jpg","datePublished":"2024-03-10T11:32:06+00:00","dateModified":"2024-03-10T18:27:31+00:00","breadcrumb":{"@id":"http:\/\/garancepouponjoyeux-alexandrearbouin.fr\/index.php\/ca-vous-plait\/#breadcrumb"},"inLanguage":"en-US","potentialAction":[{"@type":"ReadAction","target":["http:\/\/garancepouponjoyeux-alexandrearbouin.fr\/index.php\/ca-vous-plait\/"]}]},{"@type":"ImageObject","inLanguage":"en-US","@id":"http:\/\/garancepouponjoyeux-alexandrearbouin.fr\/index.php\/ca-vous-plait\/#primaryimage","url":"http:\/\/garancepouponjoyeux-alexandrearbouin.fr\/wp-content\/uploads\/2024\/03\/Web_Ca-vous-plait_Carton-1.jpg","contentUrl":"http:\/\/garancepouponjoyeux-alexandrearbouin.fr\/wp-content\/uploads\/2024\/03\/Web_Ca-vous-plait_Carton-1.jpg"},{"@type":"BreadcrumbList","@id":"http:\/\/garancepouponjoyeux-alexandrearbouin.fr\/index.php\/ca-vous-plait\/#breadcrumb","itemListElement":[{"@type":"ListItem","position":1,"name":"Accueil","item":"http:\/\/garancepouponjoyeux-alexandrearbouin.fr\/"},{"@type":"ListItem","position":2,"name":"\u00c7a vous pla\u00eet"}]},{"@type":"WebSite","@id":"http:\/\/garancepouponjoyeux-alexandrearbouin.fr\/#website","url":"http:\/\/garancepouponjoyeux-alexandrearbouin.fr\/","name":"GPJ &amp; AA","description":"","potentialAction":[{"@type":"SearchAction","target":{"@type":"EntryPoint","urlTemplate":"http:\/\/garancepouponjoyeux-alexandrearbouin.fr\/?s={search_term_string}"},"query-input":{"@type":"PropertyValueSpecification","valueRequired":true,"valueName":"search_term_string"}}],"inLanguage":"en-US"}]}},"_links":{"self":[{"href":"https:\/\/garancepouponjoyeux-alexandrearbouin.fr\/index.php\/wp-json\/wp\/v2\/pages\/428","targetHints":{"allow":["GET"]}}],"collection":[{"href":"https:\/\/garancepouponjoyeux-alexandrearbouin.fr\/index.php\/wp-json\/wp\/v2\/pages"}],"about":[{"href":"https:\/\/garancepouponjoyeux-alexandrearbouin.fr\/index.php\/wp-json\/wp\/v2\/types\/page"}],"author":[{"embeddable":true,"href":"https:\/\/garancepouponjoyeux-alexandrearbouin.fr\/index.php\/wp-json\/wp\/v2\/users\/1"}],"replies":[{"embeddable":true,"href":"https:\/\/garancepouponjoyeux-alexandrearbouin.fr\/index.php\/wp-json\/wp\/v2\/comments?post=428"}],"version-history":[{"count":11,"href":"https:\/\/garancepouponjoyeux-alexandrearbouin.fr\/index.php\/wp-json\/wp\/v2\/pages\/428\/revisions"}],"predecessor-version":[{"id":670,"href":"https:\/\/garancepouponjoyeux-alexandrearbouin.fr\/index.php\/wp-json\/wp\/v2\/pages\/428\/revisions\/670"}],"wp:attachment":[{"href":"https:\/\/garancepouponjoyeux-alexandrearbouin.fr\/index.php\/wp-json\/wp\/v2\/media?parent=428"}],"curies":[{"name":"wp","href":"https:\/\/api.w.org\/{rel}","templated":true}]}}